{"id":361,"date":"2021-07-25T08:49:13","date_gmt":"2021-07-25T08:49:13","guid":{"rendered":"https:\/\/mot-yvas.lt\/?post_type=product&#038;p=361"},"modified":"2022-03-02T03:41:59","modified_gmt":"2022-03-02T03:41:59","slug":"linine-suknele-apidome","status":"publish","type":"product","link":"https:\/\/mot-yvas.lt\/index.php\/product\/linine-suknele-apidome\/","title":{"rendered":"linin\u0117 suknel\u0117 \u201eapidom\u0117\u201d"},"content":{"rendered":"<p>Kontrastinga suknel\u0117 (nat\u016bralaus lino spalva su juoda). Architekt\u016bri\u0161kos stilistikos.<\/p>\n<p>\u2013 Pla\u010dios rankov\u0117s (pana\u0161ios \u012f \ud835\udc58\ud835\udc56\ud835\udc5a\ud835\udc5c\ud835\udc5b\ud835\udc5c);<\/p>\n<p>\u2013 Laisvo silueto, \ud835\udc5c\ud835\udc63\ud835\udc52\ud835\udc5f\ud835\udc60\ud835\udc56\ud835\udc67\ud835\udc52\ud835\udc51 modelis;<\/p>\n<p>\u2013 Suknel\u0117s siluetas truput\u012f gaubtas apa\u010dioje ir priekis \u0161iek tiek trumpesnis;<\/p>\n<p>\u2013 Laivelio formos kaklo linija;<\/p>\n<p>\u2013 Ki\u0161en\u0117s \u0161onin\u0117se si\u016bl\u0117se.<\/p>\n<p>Audinys yra mink\u0161tintas,ma\u017eiau glam\u017eosi,nepraranda formos ir nesitraukia.<\/p>\n<p>Rekomenduojame skalbti 30 \u00b0C temperat\u016broje<\/p>\n<p>Modelis nuotraukoje yra 1,75 m. \u016bgio ir vilki L dyd\u017eio suknel\u0119. Dydis universalus, tinka tiek ne\u0161iojantiems M, tiek L dyd\u012f. Norint \ud835\udc5c\ud835\udc63\ud835\udc52\ud835\udc5f\ud835\udc60\ud835\udc56\ud835\udc67\ud835\udc52\ud835\udc51 efekto kaip nuotraukoje, galima d\u0117v\u0117ti ir S dyd\u012f ne\u0161iojan\u010dioms.<\/p>\n<p>Sud\u0117tis: 100% linas, kuris atitinka Oeko-Tex standart\u0105 ir neturi kenksming\u0173 med\u017eiag\u0173.<\/p>\n<p>Produktas yra tvarus.<\/p>\n","protected":false},"excerpt":{"rendered":"<p>Kontrastinga suknel\u0117 (nat\u016bralaus lino spalva su juoda). Architekt\u016bri\u0161kos stilistikos.<\/p>\n<p>Modelis nuotraukoje yra 1,75 m. \u016bgio ir vilki L dyd\u017eio suknel\u0119.<\/p>\n<p>Sud\u0117tis: 100% linas, kuris atitinka Oeko-Tex standart\u0105 ir neturi kenksming\u0173 med\u017eiag\u0173.<\/p>\n","protected":false},"featured_media":365,"comment_status":"open","ping_status":"closed","template":"","meta":{"_monsterinsights_skip_tracking":false,"_monsterinsights_sitenote_active":false,"_monsterinsights_sitenote_note":"","_monsterinsights_sitenote_category":0},"product_cat":[22],"product_tag":[],"jetpack_sharing_enabled":true,"_links":{"self":[{"href":"https:\/\/mot-yvas.lt\/index.php\/wp-json\/wp\/v2\/product\/361"}],"collection":[{"href":"https:\/\/mot-yvas.lt\/index.php\/wp-json\/wp\/v2\/product"}],"about":[{"href":"https:\/\/mot-yvas.lt\/index.php\/wp-json\/wp\/v2\/types\/product"}],"replies":[{"embeddable":true,"href":"https:\/\/mot-yvas.lt\/index.php\/wp-json\/wp\/v2\/comments?post=361"}],"wp:featuredmedia":[{"embeddable":true,"href":"https:\/\/mot-yvas.lt\/index.php\/wp-json\/wp\/v2\/media\/365"}],"wp:attachment":[{"href":"https:\/\/mot-yvas.lt\/index.php\/wp-json\/wp\/v2\/media?parent=361"}],"wp:term":[{"taxonomy":"product_cat","embeddable":true,"href":"https:\/\/mot-yvas.lt\/index.php\/wp-json\/wp\/v2\/product_cat?post=361"},{"taxonomy":"product_tag","embeddable":true,"href":"https:\/\/mot-yvas.lt\/index.php\/wp-json\/wp\/v2\/product_tag?post=361"}],"curies":[{"name":"wp","href":"https:\/\/api.w.org\/{rel}","templated":true}]}}